4 is divided by -3 + r/(15/(-18))?
0
Let u(r) = 2*r**3 + 28*r**2 - r + 18. Suppose -5*c + 4*v + 205 = 2*v, -v = -c + 38. What is the remainder when c is divided by u(-14)?
11
Let l(r) = -r**2 - r + 1. Let o(u) = -3*u**2 - 13*u - 20. Suppose 3*h + 28 = -4*h. Let b(s) = h*l(s) + o(s). What is the remainder when b(-8) is divided by 19?
17
Suppose 2*h = -4*q + 4, 7*q = 2*q - 25. Suppose -3*f + o + 170 = 0, 5*f - o - 4*o - 270 = 0. Suppose f = 2*b - 8. What is the remainder when b is divided by h?
9
Let q(g) = 12*g**2 - 3*g - 4. Let b be (3 - (-9)/(-2)) + 1/2. What is the remainder when 84 is divided by q(b)?
7
Suppose 3*z - 8 = 7*z - 5*n, -n = -z - 1. Suppose f - 4*m = -2 + 14, 4*f = m - 12. Calculate the remainder when z is divided by (((-10)/f)/(-5))/((-5)/10).
0
Let t(y) = -13*y - 23. Let d be t(-3). Suppose -12*n = d*n - 9128. What is the remainder when n is divided by 22?
18
Let x(p) = -2*p + 13. Let d(l) = -l + 14. Let w(y) = 5*d(y) - 4*x(y). Let m be w(-4). What is the remainder when 3 - (357/(-9) - (-4)/m) is divided by 22?
20
Let f(d) = d**3 + 10*d**2 - 3*d - 9. Let p(n) = n - 4. Let j = -97 + 113. What is the remainder when f(-10) is divided by p(j)?
9
Let z = 17 + -9. Suppose 4*b + 236 = 4*a + 40, z = -4*b. Suppose 5*k - 35 = 45. Calculate the remainder when a is divided by k.
15
Let c = 5180 - 1240. Suppose 5*f + c = 15*f. Calculate the remainder when f is divided by 36.
34
Let d(z) = -9*z + 113. Suppose -2*u = -3*u + 13. What is the remainder when d(7) is divided by u?
11
Suppose -92*z = -95*z + 6, -5*z - 174 = -4*a. Suppose 3*r - 59 = a. Suppose -201 = -6*j + 3*j. Calculate the remainder when j is divided by r.
32
Let t be 21/(-49) - 3/(-7). Suppose t = -3*z - 4*c + 74, -z + 3*c + c = -30. What is the remainder when z is divided by 14?
12
Suppose 2*i - 3*w = 25, -3*w + 21 = 2*i - 10. Let b = -17 - -28. Calculate the remainder when -1 + (1/(-2))/(i/(-1204)) is divided by b.
9
Let c(k) = 6*k**3 - 10*k**2 + 65*k - 287. Let q = -92 + 54. Let y = 2 - q. Calculate the remainder when c(4) is divided by y.
37
Let d(j) = j**2 + 141*j + 430. What is the remainder when 426 is divided by d(-3)?
10
What is the remainder when 0 - -5659*4 - (35 + 164/(-4)) is divided by 68?
66
Suppose -2*v - 3*v + 130 = 0. Suppose 3*j + 1 = 2*q, 0 = 5*j + 5*q + 27 + 8. Calculate the remainder when 70 + j/((-12)/16) is divided by v.
22
Suppose 9533 + 301 = 18*o - 14880. What is the remainder when o is divided by 69?
62
Suppose 5*x - 25 = f, -19*f = -5*x - 21*f + 25. Suppose 0 = 2*u + x*b - 112, -b - 168 = -3*u. Calculate the remainder when u is divided by 4.
0
Let g(b) = 53*b - 3. Let d(o) = 3*o**2 + 16*o - 11. Let u be d(-6). Calculate the remainder when 399 is divided by g(u).
49
Let j = 35 + -327. Let f = -2050 + 2053. What is the remainder when j/(-18) - (-8)/(-36) is divided by f?
1
Let h(q) be the second derivative of q**4/6 - q**2 - q. Calculate the remainder when h(6) is divided by 15 - (-12)/4 - 0.
16
Suppose 0 = -2*j + r + 180, -5*j + 450 = -0*r + 2*r. Suppose -28*g + 23*g + j = 0. Calculate the remainder when g is divided by 7.
4
Calculate the remainder when (2 - (-5 - -6)) + 76 is divided by ((-344)/258)/(-1*(-2)/(-12)).
5
Suppose -4*q - 2*m = -482, 0 = -5*q - 5*m + 940 - 325. Let d(k) = k**3 - 12*k**2 - 17*k - 93. Calculate the remainder when q is divided by d(14).
57
Let l(m) = 62*m**3 - m. Suppose -110*g + 17344 = -3996. What is the remainder when g is divided by l(1)?
11
Suppose -3 + 15 = 6*v. Let g be ((-2)/(-5))/((v/20)/1). Suppose g*w - 60 = 2*q, 5*w + 3*q - 57 = q. Calculate the remainder when 38 is divided by w.
12
Suppose 3*w + w = 184. Suppose 0 = 3*l + v - 65, -l - v = -5*v. Suppose -27 = l*n - 167. What is the remainder when w is divided by n?
4
Let u = 50 - 39. Let f = 53 + -45. Suppose 3*a = f*a - 195. What is the remainder when a is divided by u?
6
Let w be 4/(-14) - (-185)/35. Suppose 2*s = 2*c + 6, 2*s - w = s. Suppose 4*g - l + 17 = 118, -2*l = c*g - 48. What is the remainder when g is divided by 13?
12
Let r = 0 + 11. Let x = -251 + 302. Let p = x - 34. What is the remainder when p is divided by r?
6
Let w(x) = -x**2 + 11*x + 3. Let f be w(8). Suppose f*t - 13 = 26*t. What is the remainder when (-2)/(-12) + 1855/30 is divided by t?
10
Let m(b) = -87*b - 114. Let s be m(-4). Suppose s - 72 = 9*y. Calculate the remainder when 211 is divided by y.
13
Let z(v) = -206*v - 2714. What is the remainder when z(-15) is divided by 96?
88
Suppose 5*o - 4*c - 517 = 42, 227 = 2*o - 5*c. What is the remainder when o is divided by (3 + -2)/(4/112)?
27
Let x(o) = -o - 8. Let d be x(-11). Suppose -l + d*q + 31 = 0, 4*l - 184 = -4*q - 60. Suppose -24 - 129 = -y. Calculate the remainder when y is divided by l.
29
Calculate the remainder when 178 is divided by (-15 - -5)*((-1 - 6) + -1 + 5).
28
Let t = -2393 + 2428. Calculate the remainder when 171 is divided by t.
31
Suppose 4*q = -19 + 15, q = -2*j + 15. Suppose 0*i = 4*i + 4*k - 76, -5*i + 2*k + 116 = 0. What is the remainder when i is divided by j?
6
Let g(u) = -32*u + 125. Let d be g(10). Calculate the remainder when -1983*5/d - 4/(-26) is divided by 20.
11
Let x be (-8)/((-120)/3625) - (-16)/12. Suppose x = 7*g - 86. Calculate the remainder when g is divided by 2/6 + 70/6.
11
Let r(u) = u**3 + 16*u**2 - 33*u + 63. Suppose 4*x + 2*i = -2*i + 764, i = 3. Suppose 4*w + 56 = x. What is the remainder when w is divided by r(-18)?
6
Suppose -j - 5*z = -3471, -3468 = -6*j + 5*j - 2*z. What is the remainder when j is divided by 34?
32
Suppose 346*m = 326*m + 9300. What is the remainder when m is divided by 149?
18
Suppose -7*y + 275 + 398 = 134. Calculate the remainder when 1228 is divided by y.
73
Let j = 691 + -649. Suppose -2*t + 4*w - 6 = 0, -t - 3 = 2*w + w. Calculate the remainder when j is divided by (t/(-6))/(1/22).
9
Let c be 52/12 + -4 - 4064/(-12). Let p = c - 80. What is the remainder when p is divided by 9?
7
Let t = -30 + 105. Suppose 5*x - 10*x = -t. What is the remainder when 17 - (7/(-7) + -5) is divided by x?
8
Suppose -19*c + 42 = -25*c. What is the remainder when 114/c*14/(-3) is divided by 29?
18
Suppose 0 = -3*h - 4*j + 77, 0 = -h - 3*h - 2*j + 86. What is the remainder when (1140/14)/15*(-14)/(-4) is divided by h?
0
Let b = -207 + 796. Let o = b + -573. Calculate the remainder when 1053 is divided by o.
13
Let j = -124 + 58. Let m = 70 + j. Calculate the remainder when 12*(m/(-14))/((-16)/28) is divided by 2.
0
Let i(o) = -20*o - 86. Let y be i(-8). Suppose 63*k = y*k - 891. What is the remainder when k is divided by 27?
0
Let y(i) = 61*i - 7. Let d be y(7). Let m = -377 + d. What is the remainder when 298 is divided by m?
40
Suppose 4*q = -3*z + 5*z - 64, -z - 3*q + 27 = 0. Calculate the remainder when 109 is divided by z.
19
Let k(t) = -13*t. Let i be k(1). Let s be (-16)/128*2 - (-18)/8. Let w = s - i. What is the remainder when 42 is divided by w?
12
Let o = -28029 + 28066. What is the remainder when 56 is divided by o?
19
Let p be 12/(-15)*(-8 + (0 - -3)). Suppose p*m = m. What is the remainder when 28/7 + (19 - m) is divided by 5?
3
Suppose 26864 = 32*c - 24*c. Suppose c = -9*k + 32*k. Calculate the remainder when k is divided by 50.
46
Suppose 0 = -5*l - 0*l + 265. Let d(o) = 21*o**2 - 9*o**2 + 13 - 10*o**2 + 6*o - 2*o**3 - 5*o**2. Calculate the remainder when l is divided by d(-3).
9
Let n = -29196 + 29527. What is the remainder when 655 is divided by n?
324
Suppose 0 = 7*f - 60 + 11. Suppose 4*u - 2*x - 30 = 0, x - 45 = 3*u - f*u. Suppose u*h = 5*h + 245. What is the remainder when h is divided by 17?
15
Let y(h) = h**3 - 54*h**2 - 114*h + 278. What is the remainder when y(56) is divided by 336/10 - 4/(-10)?
30
Let r be ((-1 + -47)/(-1))/1. Suppose -r = -l - l. What is the remainder when l is divided by -10*(7 + (1 - (-289)/(-34)))?
4
Let g(s) = 220*s - 268. Suppose 110 = 5*c - 2*r, 5*c + r = 50 + 45. Calculate the remainder when g(2) is divided by c.
12
Let h = -117 - -151. Suppose 2*v - 36 = -0*v - 2*i, -h = -3*v + i. Calculate the remainder when 77 is divided by v.
12
Let h(l) = 42*l**3 + l**2 + 3*l + 2. Let n be h(-1). Let m be (n/15 - -2)*10. What is the remainder when 20 is divided by (-98)/(-8) + 10/m?
9
Let i(s) = -4*s - 19. Let a(f) = -2*f**3 - 10*f**2 - 3*f + 3.